- 4. Let f(a) be the second derivative of -3/2*a**2 + m*a + 0 + a**3. Determine f(2).
9
Let i(m) be the first derivative of m**3/3 - 3*m**2/2 + 2*m + 21. Determine i(2).
0
Let n be (-3)/(-9) + (-71)/(-3). Suppose -2*b = 4*w + n, w - 3*w - 20 = 3*b. Let y(s) be the first derivative of s**2/2 + 2*s + 1. Determine y(w).
-2
Let b(v) = -v - 2. Let n(t) = -3*t**3 - 3*t + 2. Let l be n(1). Calculate b(l).
2
Let d(t) = -2 + 269*t - 1 - 271*t. Give d(-4).
5
Let i(q) = -q**3 - 6*q**2 - 4*q. Suppose -99*a + 12 = -102*a. Calculate i(a).
-16
Let u(r) = r**2 + 3*r. Suppose 2*l - 11 = -s - 0*s, 3*s = 3*l - 3. Suppose -l = 3*w + 5. Determine u(w).
0
Let x be 1/(-1)*(-1 - 0). Let n(k) = 0*k + 0*k - 5*k**2. Let h(q) = -q + 1. Let c(z) = h(z) - n(z). Give c(x).
5
Let y(k) = k**3 + 2*k**2 + k + 2. Let z be y(-2). Let t(p) = p**3 + p**2 - p - 5. Let w be t(z). Let m(s) = -s**3 - 6*s**2 - 5*s + 1. Determine m(w).
1
Let q(a) be the third derivative of 5*a**4/24 + 14*a**2 - 2. Determine q(-4).
-20
Let a = -24 + 21. Let j(z) = -3*z. Determine j(a).
9
Let q be 29/7 + (-3)/21. Let n(b) = -b + 3*b**3 + 5*b - 5 - 2*b**3 - 5*b**2. What is n(q)?
-5
Suppose -3*b + 2*b = -g + 6, -22 = -3*b - 5*g. Let y = b + 3. Let d(f) = -f**2 + 3. Let v(c) = -1. Let w(l) = -d(l) - 3*v(l). Give w(y).
4
Suppose 3*y = -4*b + 23, 2*b + 10 = 3*y - 1. Let i(t) = -5*t + 0*t**2 - 2*t**2 - 2*t**b + 2 + 3*t**2. Calculate i(-6).
-4
Let o(y) = y + 1 - 1 - 6. Let q be o(6). Suppose q*r + v + 4 = 2*r, -v - 1 = r. Let a(c) = -11*c + 1. What is a(r)?
-10
Let f(g) = -g**2 + 9*g - 11. Suppose -24 = -2*c - 8. Determine f(c).
-3
Let z(x) = -x**3 + 7*x**2 - 9*x - 6. Let y(m) = -2*m**3 + 13*m**2 - 18*m - 10. Let o(w) = -2*y(w) + 5*z(w). Give o(8).
-18
Let v(k) = k + 2. Suppose -5*y - 2 + 12 = 0. Let b(q) = 2*q**3 + 5 + 0*q**2 + 4*q**y - 3*q**3. Let m be b(4). Calculate v(m).
7
Let t(o) = -2*o**3 + 10*o**2 + 10*o + 10. Let a(b) = b**3 - 5*b**2 - 5*b - 5. Let y(s) = 7*a(s) + 4*t(s). What is y(6)?
-1
Let h(k) = -4*k**2 - 115*k**3 + 91*k**3 - k + 5*k**2 - 1. Calculate h(-1).
25
Let y(m) = -2*m**3 - 2*m**2 - m. Suppose -5*b - 4 = -b. What is y(b)?
1
Let g(t) = 5 - 2 - 2 + 3 + t. Give g(4).
8
Let f(n) be the second derivative of -n**3/6 + n**2/2 - 10*n. Determine f(-3).
4
Let h(m) be the second derivative of m**5/20 + m**4/2 + m**3 - 2*m**2 + 17*m. Determine h(-5).
-9
Let s(z) = z**3 - 9*z**2 - z + 5. Let b(x) = -x**3 - 9*x**2 - 8*x + 9. Let q be b(-8). Calculate s(q).
-4
Let q(v) be the first derivative of 1/3*v**3 + 3 + 1/2*v**2 + 0*v. Let c(z) = -2*z + 2. Let n be c(2). Give q(n).
2
Let k(q) = -2 + 1 - 228*q + 230*q. What is k(4)?
7
Suppose -4*f = -5*b - 34, 0 = 4*f - 2*f - 2. Let u(h) = -4*h**2 + 2*h + 1. Let d(j) = 4*j**2 - 2*j - 1. Let v(p) = b*d(p) - 5*u(p). Determine v(-1).
-5
Let b(o) = 11*o + 75. Let y be b(-7). Let c(u) = -u**3 - 2*u**2 + 2. Calculate c(y).
2
Let f(a) = -a**2 - 5*a - 4. Let k = -6 - -2. Let m be (4/2)/(k/(-6)). Let z(t) = t**2 + 4*t + 3. Let n(p) = m*f(p) + 4*z(p). Determine n(2).
6
Suppose 1 - 1 = -4*m. Let h(d) = -d**3 + d**2 - d + 19. What is h(m)?
19
Let i(o) = -10*o - o**2 - 10 + 7*o - 3*o. What is i(-7)?
-17
Let a be 2/(-8) - (-2)/8. Let c(i) = -i. Let q(d) = -1. Let b(p) = c(p) + 4*q(p). Calculate b(a).
-4
Let h be 60/8 + 2/4. Let s = 0 + h. Let p = -4 + s. Let x(q) = -q**2 + 4*q - 2. Determine x(p).
-2
Let y = -3 - 3. Let u(s) be the third derivative of s**4/12 + s**3/2 - 74*s**2 - 2*s. Determine u(y).
-9
Let w = 5 + -4. Let u(k) = -k - 1 + 3 + 0. Calculate u(w).
1
Let q(k) = -4*k**2 - 1 + 3*k**2 - k - 5*k. Calculate q(-6).
-1
Let c(x) = -8*x**2 + 4*x + 1. Let n(y) = 23*y**2 - 13*y - 4. Let t(b) = 7*c(b) + 2*n(b). Calculate t(1).
-9
Suppose -w = -7*w + 36. Let f(o) = o**2 - 7*o + 5. What is f(w)?
-1
Let u be 204/(-9) + (-3)/9. Let w = 20 + u. Let i(o) = o + 4. What is i(w)?
1
Let r(p) be the second derivative of 0*p**2 - 1/6*p**3 + 1/6*p**4 + 9*p + 0 - 11/20*p**5. Calculate r(1).
-10
Let r(m) = m**3 + m**2 - m. Let b(x) = -2*x**3 - 2*x - 5. Let v(j) = b(j) + 3*r(j). Determine v(-4).
-1
Suppose 2*b - 3 - 5 = 0. Suppose 0 = -b*c + 4 + 4. Let a(x) = -3*x**2 + 3*x - 2. Give a(c).
-8
Let b be (-60)/(-9) + (-2)/3. Let n = b + -3. Suppose -g - 2 = n. Let h(r) = -r**2 - 3*r + 4. What is h(g)?
-6
Let s(u) = -3*u**3 + 2 + 2*u - 1 + 1 - 3 - 2*u**2. Calculate s(1).
-4
Let k be 4/(12*-1) + 24/(-9). Let g(s) = -s - 1. Let b(t) = 2*t + 1. Let q(y) = b(y) + 4*g(y). Give q(k).
3
Let u(o) = -o**2 - 7*o + 6. Suppose -24 = -5*s + 9*s. Calculate u(s).
12
Let w(u) be the second derivative of u**4/24 - 5*u**3/6 + u**2/2 - 2*u. Let i(f) be the first derivative of w(f). Give i(0).
-5
Let f be ((-1)/(-2))/((-2)/(-24)). Let l(w) be the second derivative of -1/12*w**4 + w**3 - 3/2*w**2 - 3*w + 0. Determine l(f).
-3
Let p(s) = -2*s**2 + s + 2. Let x be (1 - -2) + -9 + 12. Let f be (1/2*x)/1. Calculate p(f).
-13
Let a(v) = 5*v**2 + 9*v - 4. Let d(p) = p**2 + p. Let y(m) = a(m) - 6*d(m). What is y(3)?
-4
Let v(j) = 3*j - 3. Let x(z) = z**3 + 7*z**2 + 6*z - 1. Let l be x(-6). Let q(y) = y - 1. Let n(r) = l*v(r) + 4*q(r). What is n(0)?
-1
Let h(a) = -a**2 - 1. Let u be h(2). Let m(b) = 2*b + 19. Let z(w) = w + 9. Let l(d) = 2*m(d) - 5*z(d). Calculate l(u).
-2
Let f(z) = -3 + 4*z - 6*z + 4*z. Determine f(5).
7
Let q(f) = 2*f. Let u be (-2 - (-3 - -2)) + 2. Let p(d) = -4*d - 1 + 3 - u. Let v(l) = -2*p(l) - 5*q(l). Give v(-3).
4
Let r(l) = -l**3 - 3*l**2 - 2*l - 3. Let i be 4/2 + (-3)/1. Let p be (-8)/(-2)*i/2. Give r(p).
-3
Let q(s) be the first derivative of s**2/2 + 7*s + 3. Let f be -1 - (3 + 1 + 0). Give q(f).
2
Let b(l) = l. Let n be -1 - (3 + -4) - 6. Determine b(n).
-6
Let u = -8 + 10. Let v(o) = 0*o**3 - o**3 - o**3 + 0*o + 3*o**u - o. Determine v(2).
-6
Let n(b) = b**3 - 1. Suppose 3*r - 4*r = 0. Suppose 4*v = -4, 14 = -2*s - 2*v - r*v. Let g be 4/s + 5/3. Determine n(g).
0
Let y(v) = -9*v**3 - 1. Suppose 7 - 3 = r. Let d be 9/(-1 - -4) - r. Give y(d).
8
Let q(a) be the third derivative of -a**4/8 - a**3/3 - 17*a**2. Give q(-2).
4
Let y be 1/((-9)/6)*(10 - 1). Let x(n) = -n**2 - 7*n - 4. What is x(y)?
2
Let s(y) = 3*y - 1. Let i(r) = r**2 + 8*r - 2. Let d be i(-8). Let w be (-5)/(-5) + (-4)/d. Determine s(w).
8
Suppose -t - 1 = -2*t. Let q(n) = -4*n - 5*n + 2*n**2 + 10*n + t. Calculate q(-2).
7
Let y(g) be the second derivative of -g**4/12 - g**3/3 - g**2/2 - 31*g. Calculate y(-2).
-1
Let g(j) = -2*j**2 + 2*j. Let h be g(2). Let p(r) = -2 - 4*r - 2 + 7 + 1 - r**2. Calculate p(h).
4
Let t(c) be the second derivative of -c**3/6 - 5*c**2/2 - 36*c. Give t(0).
-5
Let r(c) = c + 4. Suppose 23 + 27 = -n + 5*z, 4*z - 20 = 0. Let u = n + 50. Suppose -3*k + 3 = -p + 18, 5*k - p = -u. Give r(k).
-1
Let n(b) = 2*b + 2. Let q be n(2). Let f(r) = 5*r + 2. Let t(d) = -4*d - 1. Let c(u) = q*t(u) + 5*f(u). Suppose 4*m = 4*y + m + 25, -2*y - 5*m = -7. Give c(y).
0
Let f be (-19)/(-7) + (-10)/(-35). Suppose 7 = 2*s - f. Let i(n) = n**2 - 5*n + 6. What is i(s)?
6
Let q(r) = -r**3 + 3*r**2 - r. Let p = 23 + -8. Suppose -3*t - p = 2*a - 2*t, 5*a - 3*t = -54. Let l be 2/(30/a)*-5. What is q(l)?
-3
Let a(f) = f**2 + 3*f. Let l be a(-4). Suppose l*i - 15 = 1. Suppose -3 = i*m - 7. Let g(u) = 3*u**3 - u**2 + 1. What is g(m)?
3
Suppose 0 = g - 4*g - 9. Let o(j) = j + 2. Give o(g).
-1
Let w = 3 + -5. Let x(a) = -3*a**2 - 3*a + 2. Let y(m) = -m**2 - 1. Let l(f) = w*y(f) + x(f). Let i be l(-4). Let k(r) = r**3 + r**2 - r - 6. Determine k(i).
-6
Let t(l) = l**3 + 5*l**2 + 3*l + 1. Let j(u) = -2*u. Let d be j(-1). Let g = d - 6. Determine t(g).
5
Let v(s) = -s**3 + 3*s**2 + 5*s - 1. Let k = 19 - 15. What is v(k)?
3
Let s(k) = -k + 1. Let j(z) = -5*z - 3. Let r(n) = 2*n + 1. Let q(d) = 3*j(d) + 8*r(d). Let l be -1 + 4 - (5 - -2). Let w(a) = l*q(a) - 5*s(a). Give w(0).
-1
Let n(v) = 6*v**2 + 2*v + 2 - v - 3. Let s = -373 + 374. What is n(s)?
6
Let t(f) = 4*f - 2. Let h be t(1). Suppose h = -4*w - 14. Let g(s) be the first derivative of s**2/2 + 9*s + 1. Give g(w).
5
Let z(w) be the first derivative of 0*w + 3/2*w**2 - 1/6*w**4 + 1/15*w**5 + 2 + 1/2*w**3. Let o(k) be the second derivative of z(k). Give o(2).
11
Let s(j) = -j**3 - 3*j**2 - 2*j + 3. Suppose 0 = -k + 4*d - 15, -2*k + 2*d = -4*k. Calculate s(k).
9
Let s(w) = -w**3 - w + 3*w 